(6/p*2) is divided by 15.
14
Let h = -1004 - -2019. What is the remainder when h is divided by 127?
126
Let c(p) = 11*p**3 - 20*p**2 + 17*p - 145. What is the remainder when c(5) is divided by 109?
52
Let u(s) = -4*s - 103. Let o(f) = -f**3 - 7*f**2 + 9*f + 12. Let t be o(-8). What is the remainder when u(-30) is divided by (-23)/(-2) - t/8?
6
What is the remainder when 15*1*((-51 - -26) + 198) is divided by 519?
0
Let y = 1739 - 1702. Calculate the remainder when 460 is divided by y.
16
Suppose 1628 = 30*c - 322. What is the remainder when 269 is divided by c?
9
Suppose 34*i = 38*i + 2*l - 19298, 0 = -2*i + 3*l + 9661. What is the remainder when i is divided by 71?
69
Suppose -28 = -4*u, l + 2*u - 6 - 26 = 0. What is the remainder when 634/4 + 7/14 is divided by l?
15
Let j = 0 - -2. Suppose -4*m + 5*i = -68 + 1, 5*m + i - 91 = 0. What is the remainder when m is divided by (6 - j)/(-1 - -2) - -1?
3
Let v(f) = 2*f**2 - 18*f + 8. Let a be (-1812)/2*((-52)/8 - -6). Calculate the remainder when ((-2)/5)/(5 + a/(-90)) is divided by v(9).
4
Suppose -3*v + 22 = 4*t - 7, -2 = 2*t - 4*v. Suppose -50 = -3*k + c, -k + t = -3*c - 17. What is the remainder when 124 is divided by k?
12
Suppose 1106*t - 68 = 1103*t + 5*u, 5*u = t - 6. Let x = -10 - -16. What is the remainder when t is divided by x?
1
Let m(w) = w**3 - 3*w**2 - 3*w - 7. Let b be m(5). Let t = 111 - b. What is the remainder when t is divided by (0 - 2)*(17 - (14 - -10))/1?
13
Suppose 2*m + 5*g = 11693, 4*m + g - 34279 + 10902 = 0. Calculate the remainder when m is divided by 136.
132
Let s(o) = -1775*o - 1823. What is the remainder when s(-6) is divided by 10?
7
Let k = 5629 + -5591. Calculate the remainder when 1023 is divided by k.
35
Let l(q) = 21*q + 81. Let g be l(-6). Calculate the remainder when 42 is divided by 135/24 - -2 - g/120.
2
Let n = -309 - -468. Suppose p - 2*s - 3*s = n, 0 = -3*p + s + 533. What is the remainder when p is divided by 20?
19
Let k = 7395 + -7375. Suppose -101 = -d + 5. What is the remainder when d is divided by k?
6
Let d(l) = -7*l**2 + 21*l - 30. Let y(i) = 15*i**2 - 43*i + 61. Let k(v) = 13*d(v) + 6*y(v). What is the remainder when 117 is divided by k(7)?
21
Let l = 6 + 39. What is the remainder when -4 + 4/4 + 10/((-50)/(-2035)) is divided by l?
44
Suppose -14*r + 1076 = -i, 2*i - 17 - 372 = -5*r. What is the remainder when 805 is divided by r?
35
Let p = 10064 - 10033. What is the remainder when 1012 is divided by p?
20
Suppose -481*u + 460*u + 1791 = -1842. Calculate the remainder when u is divided by 69.
35
Let q = 29 - 22. Let l(a) be the third derivative of a**6/120 - 2*a**5/15 + a**4/4 + 11*a**3/6 - 19*a**2. Calculate the remainder when 8 is divided by l(q).
0
Suppose -11520 - 21015 = -17*y - 10*y. Calculate the remainder when y is divided by 111.
95
Let h = -774 - -801. Calculate the remainder when 1214 is divided by h.
26
Let p(r) = -3*r**2 - 3*r - 19. Suppose -15 = 3*m - 0*m. Let v be p(m). Let n = 97 + v. What is the remainder when n is divided by 7?
4
Let o(b) = 299*b + 5698. Calculate the remainder when 8802 is divided by o(-19).
13
Let u(w) = -72*w**3 - 4*w**2 - 3*w. Let l(y) = -y**2 + 7*y - 13. Suppose 0 = 14*t - 12*t - 6. Let h be l(t). Calculate the remainder when u(h) is divided by 26.
19
Suppose -150 = -5*i + 185. Let r(a) be the second derivative of -4*a**5/5 + a**3/6 + a**2 + 6*a. What is the remainder when i is divided by r(-1)?
16
Let q be 107/(-4) + 40/(-160). Calculate the remainder when 117 is divided by (-9)/q + (-132)/(-9).
12
Suppose 3*i - 107 = 4*m, 5*i - 2*m - 116 = i. What is the remainder when 2747 is divided by i?
22
Let n = 33 + -26. What is the remainder when (-16)/10*(-40)/2 is divided by n?
4
Let o(i) = i**2 + 8*i + 1. Let l be o(-7). Let b be ((-63)/l)/((-4)/8). What is the remainder when 15 is divided by b/6*24/(-14)?
3
Let p = -65 + 70. Calculate the remainder when 1/(p - 744/149) is divided by 15.
14
Suppose 0 = 2*g - b - 2680, 4*g - 4*b = -1312 + 6660. What is the remainder when g is divided by 16?
15
Let n = -533 + 494. Let y(f) = f + 60. Calculate the remainder when (-236)/(-6) + (-2)/6 is divided by y(n).
18
Let l = -240 - -255. Let q(m) = -3*m - 25. What is the remainder when l is divided by q(-10)?
0
Suppose 4*k - 60 = -10*s + 776, 3*s - 258 = -3*k. What is the remainder when 425 is divided by s?
15
Suppose 51 = -141*u + 142*u. Suppose 13 - 8 = 5*r, -4*k + u = 3*r. Suppose 48 = 4*i + 3*a, -3*i + 2*a + 59 = 6. Calculate the remainder when i is divided by k.
3
Let l(f) = -f**3 - 34*f**2 + 71*f - 31. Let j be l(-36). Calculate the remainder when ((-16)/(-12))/(j/3030) is divided by 9.
7
What is the remainder when ((-10172)/18)/((-4520)/180 + 25) is divided by 12?
10
Let r = -3811 - -3844. Suppose -v = -69 - 74. What is the remainder when v is divided by r?
11
Let u(i) = i - 2. Let l be u(2). Let f(j) = -j + l*j - 28 + 40. Calculate the remainder when f(-13) is divided by 7.
4
Let c = 15 - -1. What is the remainder when 4683/27 + 296/(-666) is divided by c?
13
Let r = -11487 + 11500. Suppose 0 = 2*f - f - 3*l - 122, -3 = -3*l. Calculate the remainder when f is divided by r.
8
Suppose -3*f = -8 - 19. Suppose 2*l - 18 = 24. Calculate the remainder when l is divided by -1*(42/(-4) - f/18).
10
Let v be (-434)/(-35) - 2/5. Suppose -2*n + v = -50. Calculate the remainder when 123 is divided by n.
30
Let r = 10488 - 10439. What is the remainder when 2840 is divided by r?
47
Let r = 570 + -682. Calculate the remainder when (1*13)/((-14)/r) is divided by 21.
20
Let q = 2 - 2. What is the remainder when (50/4)/((550/(-300))/(-11)) is divided by -1*(0 + (q - 19))?
18
Let u be ((-130)/13)/(1 - -1). Calculate the remainder when (15 + -10)*(-1 + (-81)/u) is divided by 7.
6
Suppose -264 = -43*m + 21*m. Suppose 0 = -4*j - 12, -3*t - 3*j = -2*j - 135. Calculate the remainder when t is divided by m.
10
Let v = 4227 + -3200. What is the remainder when v is divided by 86?
81
Suppose -120 = -170*h + 150*h. Calculate the remainder when 20 is divided by h.
2
Suppose -9*r + 1631 = -2759 - 3413. What is the remainder when r is divided by 225?
192
Calculate the remainder when (-448)/(-21) - -6 - 8/6 is divided by 5.
1
Suppose -4*r = 4*w - 8*r - 480, -5*r + 219 = 2*w. Let o = 166 - w. Calculate the remainder when o is divided by 17.
15
Let p = 318 - 318. Suppose p = 4*l - 33 - 11. What is the remainder when 82 is divided by l?
5
Let h = 15 - -14. Let b = 308445 + -308399. What is the remainder when b is divided by h?
17
Let f = -9600 - -9625. Calculate the remainder when 1131 is divided by f.
6
Let y(i) = 93*i**2 + i. Let d(g) = g**3 - 4*g + 18. Let n be d(-7). What is the remainder when y(1) is divided by 340/22 - 162/n?
14
Let r = -622 + 1616. What is the remainder when r is divided by 123?
10
Suppose -9*y + 27 = -5*y - 3*g, 3*y - 23 = 5*g. What is the remainder when (342/(-12))/((-1)/20*y) is divided by 38?
19
Let w = -1 - -4. Let h(j) = 24*j - 5. Let f(q) = -3*q - 41. Let o be f(-14). Calculate the remainder when h(o) is divided by w.
1
Let s(g) = -4*g**3 - 4*g**2 - 4*g + 1. Let v = -41 - -42. Calculate the remainder when 177/2 - v/(-2) is divided by s(-2).
14
Suppose -j + 6 = 9. Let r be j/((-15)/352) + (-10)/25. Suppose r = -o + 6*o. Calculate the remainder when 40 is divided by o.
12
Suppose -4*n + 9*r = -71 - 273, 0 = 5*n + 4*r - 491. Calculate the remainder when 224 is divided by n.
34
Suppose -16*d + 168 + 184 = 0. Let b(n) = -25*n. Let m be b(4). Let c = m - -208. Calculate the remainder when c is divided by d.
20
Let v(l) = -l - 5. Let q be v(16). Let a = 21 + q. What is the remainder when (-66)/(-2)*(a + 1) is divided by 9?
6
Suppose -58*i = -26*i - 1632. Calculate the remainder when i is divided by 22.
7
Suppose -4*w + 6 = -242. Suppose -4*z - 55 = -3*c, 4*z - 5 = -9. Calculate the remainder when w is divided by c.
11
Let m be -2 + 1 - -1*3. Let y be ((-2)/(-9) + (-8)/36)/(-2). Suppose y = -2*b - m*h + 36, -3*b - h + 48 = -2. Calculate the remainder when 77 is divided by b.
13
Suppose 7*t + 7 = 42. Let j(c) = 15*c - 54. What is the remainder when 140 is divided by j(t)?
14
Suppose -117*l - 605 + 4440 = 442. Calculate the remainder when 3500 is divided by l.
20
Suppose -275 = -v - 3*g - 252, -4*v - 5*g = -113. Calculate the